t of 8141878?
1
What is the tens digit of 4419908?
0
What is the ten thousands digit of 3874031?
7
What is the tens digit of 231143?
4
What is the units digit of 104459?
9
What is the hundred thousands digit of 13096862?
0
What is the thousands digit of 1587305?
7
What is the ten thousands digit of 667495?
6
What is the ten thousands digit of 596577?
9
What is the ten thousands digit of 157813?
5
What is the ten thousands digit of 30215?
3
What is the millions digit of 27088709?
7
What is the ten thousands digit of 54381?
5
What is the ten thousands digit of 19297373?
9
What is the ten thousands digit of 5101839?
0
What is the hundred thousands digit of 276019?
2
What is the hundreds digit of 288444?
4
What is the millions digit of 2072167?
2
What is the tens digit of 2452023?
2
What is the units digit of 2730309?
9
What is the units digit of 144623?
3
What is the tens digit of 906629?
2
What is the units digit of 624326?
6
What is the millions digit of 20037539?
0
What is the millions digit of 10099351?
0
What is the hundred thousands digit of 280653?
2
What is the hundreds digit of 1660016?
0
What is the ten thousands digit of 20611287?
1
What is the hundred thousands digit of 1094112?
0
What is the ten thousands digit of 54597?
5
What is the thousands digit of 3829486?
9
What is the units digit of 24851165?
5
What is the hundreds digit of 5702413?
4
What is the tens digit of 145020?
2
What is the tens digit of 79877?
7
What is the units digit of 357525?
5
What is the units digit of 1680720?
0
What is the thousands digit of 3288338?
8
What is the hundreds digit of 193162?
1
What is the ten thousands digit of 372257?
7
What is the hundreds digit of 120940?
9
What is the tens digit of 8467218?
1
What is the ten thousands digit of 318901?
1
What is the tens digit of 12349503?
0
What is the units digit of 215197?
7
What is the thousands digit of 214994?
4
What is the units digit of 256698?
8
What is the hundreds digit of 1632872?
8
What is the ten thousands digit of 2170504?
7
What is the thousands digit of 654843?
4
What is the units digit of 16579845?
5
What is the millions digit of 17059210?
7
What is the hundred thousands digit of 2427581?
4
What is the units digit of 181209?
9
What is the units digit of 956292?
2
What is the hundred thousands digit of 114350?
1
What is the hundred thousands digit of 356565?
3
What is the millions digit of 10492455?
0
What is the ten thousands digit of 2069640?
6
What is the tens digit of 1039686?
8
What is the hundred thousands digit of 2078062?
0
What is the ten thousands digit of 89752?
8
What is the hundreds digit of 13520719?
7
What is the hundreds digit of 174998?
9
What is the thousands digit of 181244?
1
What is the tens digit of 40487?
8
What is the thousands digit of 8982328?
2
What is the hundreds digit of 685821?
8
What is the tens digit of 5935532?
3
What is the tens digit of 20724309?
0
What is the hundreds digit of 959192?
1
What is the hundred thousands digit of 630020?
6
What is the hundreds digit of 2739978?
9
What is the hundreds digit of 3893713?
7
What is the units digit of 627667?
7
What is the tens digit of 2370499?
9
What is the ten thousands digit of 814521?
1
What is the millions digit of 5860874?
5
What is the tens digit of 19752212?
1
What is the hundreds digit of 4655718?
7
What is the thousands digit of 282484?
2
What is the hundreds digit of 603073?
0
What is the thousands digit of 80880?
0
What is the hundred thousands digit of 30270243?
2
What is the units digit of 11220108?
8
What is the tens digit of 123228?
2
What is the ten thousands digit of 272838?
7
What is the tens digit of 80560?
6
What is the units digit of 872425?
5
What is the millions digit of 7722682?
7
What is the hundreds digit of 11319337?
3
What is the hundreds digit of 364545?
5
What is the units digit of 408819?
9
What is the ten thousands digit of 80791?
8
What is the ten thousands digit of 691305?
9
What is the units digit of 171119?
9
What is the tens digit of 4290145?
4
What is the tens digit of 235244?
4
What is the hundred thousands digit of 1350802?
3
What is the ten thousands digit of 301866?
0
What is the hundreds digit of 295384?
3
What is the tens digit of 4419612?
1
What is the units digit of 325927?
7
What is the thousands digit of 14482834?
2
What is the hundred thousands digit of 5517696?
5
What is the tens digit of 22547734?
3
What is the hundreds digit of 338960?
9
What is the tens digit of 335607?
0
What is the thousands digit of 67686?
7
What is the ten thousands digit of 622260?
2
What is the hundreds digit of 786382?
3
What is the millions digit of 5770639?
5
What is the hundreds digit of 287589?
5
What is the hundreds digit of 152711?
7
What is the hundred thousands digit of 584775?
5
What is the tens digit of 654551?
5
What is the units digit of 273335?
5
What is the tens digit of 933278?
7
What is the hundred thousands digit of 227877?
2
What is the thousands digit of 1157432?
7
What is the thousands digit of 641943?
1
What is the tens digit of 186897?
9
What is the thousands digit of 6423222?
3
What is the units digit of 75960?
0
What is the units digit of 11957967?
7
What is the thousands digit of 33580?
3
What is the ten thousands digit of 4856117?
5
What is the ten thousands digit of 582675?
8
What is the ten thousands digit of 893015?
9
What is the thousands digit of 310966?
0
What is the hundred thousands digit of 7125011?
1
What is the ten thousands digit of 1931888?
3
What is the ten thousands digit of 3277759?
7
What is the tens digit of 3738327?
2
What is the hundreds digit of 866372?
3
What is the tens digit of 334963?
6
What is the hundred thousands digit of 160608?
1
What is the millions digit of 1448011?
1
What is the units digit of 40535?
5
What is the thousands digit of 253951?
3
What is the hundreds digit of 14743551?
5
What is the units digit of 4410282?
2
What is the millions digit of 23628468?
3
What is the thousands digit of 158608?
8
What is the units digit of 1188365?
5
What is the ten thousands digit of 429089?
2
What is the ten thousands digit of 2216832?
1
What is the thousands digit of 1789498?
9
What is the units digit of 2105913?
3
What is the ten thousands digit of 231745?
3
What is the hundred thousands digit of 103811?
1
What is the hundreds digit of 483355?
3
What is the millions digit of 9515352?
9
What is the hundreds digit of 89118?
1
What is the ten thousands digit of 35645723?
4
What is the units digit of 1671?
1
What is the hundreds digit of 647501?
5
What is the hundred thousands digit of 1561750?
5
What is the thousands digit of 289653?
9
What is the hundred thousands digit of 5095351?
0
What is the hundreds digit of 304425?
4
What is the tens digit of 193512?
1
What is the thousands digit of 215776?
5
What is the hundreds digit of 1699413?
4
What is the units digit of 14559953?
3
What is the millions digit of 1084729?
1
What is the units digit of 68597?
7
What is the hundreds digit of 6959677?
6
What is the units digit of 120132?
2
What is the hundreds digit of 9425162?
1
What is the hundred thousands digit of 1099070?
0
What is the units digit of 338740?
0
What is the hundreds digit of 13683452?
4
What is the thousands digit of 476359?
6
What is the hundreds digit of 107734?
7
What is the tens digit of 1166550?
5
What is the hundred thousands digit of 3442275?
4
What is the ten thousands digit of 36531?
3
What is the ten thousands digit of 87286?
8
What is the hundreds digit of 14367?
3
What is the ten thousands digit of 1211258?
1
What is the tens digit of 55481?
8
What is the hundreds digit of 13363142?
1
What is the units digit of 42106?
6
What is the hundred thousands digit of 7207506?
2
What is the tens digit of 6980585?
8
What is the tens digit of 25761612?
1
What is the tens digit of 9856690?
9
What is the tens digit of 454315?
1
What is the ten thousands digit of 261929?
6
What is the hundred thousands digit of 397021?
3
What is the thousands digit of 43055?
3
What is the hundreds digit of 1295989?
9
What is the units digit of 1148452?
2
What is the hundreds digit of 15351280?
2
What is the hundred thousands digit of 352532?
3
What is the thousands digit of 1307878?
7
What is the units digit of 668057?
7
What is the hundred tho